 prime factors of ((-112)/l)/(1/10).
2, 7
Suppose o = -0*o + 3*i + 817, -3*i + 2475 = 3*o. List the prime factors of o.
823
Suppose -s - 2 = -4. Suppose 96 = -s*z + 8*z. Let b = 34 - z. What are the prime factors of b?
2, 3
Let o(l) = -3*l**3 - 31*l**2 + 15*l - 1. List the prime factors of o(-13).
2, 17
Suppose 3*z + 9 = 0, -3*v - 573 = 4*z + z. What are the prime factors of (-6)/(-4)*2 - (9 + v)?
2, 3, 5
Let z be 2*1 + -2*(2 - 3). Suppose -z*d + 402 - 106 = 0. List the prime factors of d.
2, 37
What are the prime factors of 1532 + -2 + 4/((-24)/18)?
3, 509
Suppose -3*o = -95 - 640. Suppose 4*j - o = -697. List the prime factors of j/(-3) - (-2)/(-3).
37
Suppose 11*m + 2124 - 13839 = 0. List the prime factors of m.
3, 5, 71
Suppose 2*o + 186 = -4*i, -2*i - 2*o - 114 = -24. Let c = 58 + i. List the prime factors of c.
2, 5
Let f be ((-58)/(-6))/((-2)/(-24)). Let h = 93 + f. List the prime factors of h.
11, 19
Suppose -4*t - m + 1815 = -677, -t + 4*m = -640. List the prime factors of t.
2, 3, 13
Let h be 10/65 + 2*(-81)/39. List the prime factors of (-75)/(-2) + (-2)/h.
2, 19
Suppose -2*f - 3*i + 84 = 0, 3*f = 2*f + 3*i + 51. Suppose -5*n + 4 = -4*b - 5, 5*n = -5*b + f. Let z = 7 + n. List the prime factors of z.
2, 3
Suppose 3*a = 12, 121 + 633 = 2*f - 2*a. List the prime factors of f.
3, 127
Let f = -27 + 28. Let a be -5 + 7 - (-1 - f). Suppose -a*y + 106 = -2*y. List the prime factors of y.
53
Let i be ((-42)/(-9))/(6/63). Suppose -i = 3*y - j - 184, -188 = -4*y + 4*j. Let v = y + -14. List the prime factors of v.
2, 3, 5
Let h(r) = -12*r**3 - 2*r**2 - 23*r - 23. What are the prime factors of h(-6)?
5, 17, 31
Suppose 4*q + 16 = 8*q. List the prime factors of (0 - -405)/5 + q/(-2).
79
Let l(n) = n**3 - 9*n**2 + 19*n - 12. What are the prime factors of l(8)?
2, 19
Let p be 7 + (2 - -2)/(-1). Suppose 6*y - 204 = -5*h + p*y, -48 = -h + 3*y. What are the prime factors of h?
2, 3, 7
Let y(i) = 11*i - 6. Let s(f) = -23*f + 13. Suppose -28 = -3*w - 37. Let u(r) = w*s(r) - 7*y(r). What are the prime factors of u(-3)?
3
Let a = 138 - 57. Let b = a + -7. What are the prime factors of b?
2, 37
Suppose 5*i - i + 5*s = 1743, -5*i - s + 2184 = 0. What are the prime factors of i?
19, 23
Let f(d) = 2*d**3 - 19*d**2 - 28*d - 19. List the prime factors of f(13).
2, 5
Let p = -24 - -27. Suppose p*i - 258 = -9. What are the prime factors of i?
83
Let y be -3 - (-3 + 1)*4. Suppose 6 = 3*c - 0*c. Suppose 4*w - y*f - 27 = 2*w, c*w = -4*f. What are the prime factors of w?
2, 3
Let z = 1053 - 486. What are the prime factors of z?
3, 7
Let a(l) be the second derivative of 13*l**3/6 + 3*l**2 + l. List the prime factors of a(6).
2, 3, 7
Let v(w) = 40*w**2 + 17*w - 63. List the prime factors of v(5).
2, 7, 73
Let q be 12*(-3)/(-2 + -7). Suppose 0 = -5*z - q*u + 82, -4*z + z - 3*u = -48. What are the prime factors of z?
2, 3
Let a = 1844 - 1291. List the prime factors of a.
7, 79
Let i be (-18)/54 - (-4)/(-6). List the prime factors of 75/25 + 2/i*-31.
5, 13
Suppose m - 2 = -0*m. List the prime factors of (32/(-24))/(m/(-72)).
2, 3
Let p(k) = 4*k + 26. Let i be p(-6). What are the prime factors of i + 1 + (-162)/(-9)?
3, 7
Let b = 90 + 20. Suppose 4*r = -8*l + 3*l + 188, -r + b = 3*l. What are the prime factors of l?
2, 3
Let a be 12/66 - (-24)/(-11). List the prime factors of (22/4)/(a/(-12)).
3, 11
Let p = 349 - 521. Let j = 8 - p. List the prime factors of j.
2, 3, 5
Let t = 7521 - 5098. What are the prime factors of t?
2423
Suppose d = -6*d + 1386. Suppose 7*v - d = -44. List the prime factors of v.
2, 11
Let x(v) = -v**2 - 11*v - 1. Let o be x(-11). Let n be (1 + 2)/(o/(-59)). Suppose 2*a - 43 = -2*m + 61, 0 = -3*a + 4*m + n. List the prime factors of a.
5, 11
Let j(t) = 9*t**2 - 27*t - 29. List the prime factors of j(12).
23, 41
Suppose -20 = -2*m - 4*s, 23 = 2*m + 3*s + 2*s. Suppose 0 = m*i - 70 - 70. Suppose -2*a + i = -29. List the prime factors of a.
2
What are the prime factors of (-2 + 26/(-8))/((-318)/288320)?
2, 5, 7, 17
Suppose -f - 3 = 0, -4*f + 346 - 3220 = -2*l. List the prime factors of l.
3, 53
Let w(n) = -127*n**3 + n**2 - 6*n - 4. List the prime factors of w(-2).
2, 257
Suppose -4*a = a + 2*l - 241, 3*l + 6 = 0. Suppose a = -4*s + 3*u - 17, -2*s = -3*u + 36. Let n = s - -41. What are the prime factors of n?
2, 13
Suppose -2*w + 352 = -10*w. Let z = 123 - w. What are the prime factors of z?
167
Let f = 66 - 26. Suppose 3*a = 4*z + 241, 5*a = 4*z - f + 447. What are the prime factors of a?
83
Let i(a) = -14 + 6 - 7 + 29 - 107*a. List the prime factors of i(-3).
5, 67
Let g = 5 + -8. Let r = 5 - g. Let y = 1 + r. List the prime factors of y.
3
Suppose -3*s + 39 = -16*s. What are the prime factors of (-434)/(-3) + 2/s?
2, 3
Let t = 37 + -34. Suppose t*f + 2*u - 224 = 0, 2*u - 4*u + 76 = f. What are the prime factors of f?
2, 37
Let f be (5 - 17)*(-2)/3. Suppose n - 32 = -f. Suppose -5*b = -n - 76. What are the prime factors of b?
2, 5
Suppose 3*a = -2*z + 6*a + 703, 1366 = 4*z + 2*a. Suppose z = 7*r - 3*r. Let o = 140 - r. List the prime factors of o.
2, 3
Let a(h) = h + 7 + 4*h**2 - 2 - 5*h**2 + h**3. Let p be a(0). Suppose -3*c + 98 = -0*i + 4*i, 4*c = -p*i + 122. List the prime factors of i.
2, 13
Let o(f) = -5*f. Suppose 0 = 4*h, 0 = -3*d - 4*h - 13 - 2. Let q be o(d). Let r = q - 1. List the prime factors of r.
2, 3
Let z(f) = 9*f**2 + 46*f + 147. What are the prime factors of z(-15)?
2, 3, 13, 19
Let n be (1 - -8)*4/3. Suppose 2*o - 14 = n. What are the prime factors of o?
13
Let y = -155 + 304. Let w = y - 49. What are the prime factors of w?
2, 5
Let r(s) = 10*s**2 + 16*s + 119. What are the prime factors of r(-9)?
5, 157
Suppose -2701 - 147 = -a + 5*x, -a = -2*x - 2836. List the prime factors of a.
2, 7, 101
Let w(t) be the first derivative of -t**3/3 + 5*t**2 + t - 1. Let d = -75 + 82. What are the prime factors of w(d)?
2, 11
Let q = 33 + 96. Let z = -65 + q. What are the prime factors of 3*(z/12 + 0)?
2
Let y(t) = -t**2 - 9*t**2 - 2*t + 64 + 9*t**2 - t**3. What are the prime factors of y(0)?
2
Let m = 4 - 7. Suppose 0*s - 29 = -2*g + 3*s, 0 = 4*g - 4*s - 56. Let d = g + m. What are the prime factors of d?
2, 5
Let v(t) = -4*t - 18. Let q be v(-5). Suppose 0 = -q*w + 178 - 32. What are the prime factors of w?
73
Suppose -j + 4 = 0, -8*j - 854 = -f - 3*j. List the prime factors of f.
2, 19, 23
Let l = -37 - -77. Let m = 13 + l. What are the prime factors of m?
53
Let a = -12 + 4. Let j(u) = u**3 + 9*u**2 + 6*u - 4. Let o be j(a). List the prime factors of o/(-30) + 334/10.
3, 11
Let o = -245 + 117. Let d = o + 51. Let h = d - -128. List the prime factors of h.
3, 17
Let j(h) = 2*h**3 + 9*h**2 - 2*h + 2. Let q(y) = y**3 + y**2 + y - 1. Let w = -11 - -8. Let s(c) = w*q(c) + j(c). What are the prime factors of s(5)?
5
Let p = 11 - 19. Let f(g) = -g**2 - 7*g + 8. Let l be f(p). Suppose l = -t + 3*t - 30. What are the prime factors of t?
3, 5
List the prime factors of 0 + 1 + 524 - (6 + -7).
2, 263
Suppose 127*s - 32*s = 57095. What are the prime factors of s?
601
Suppose 3*q = 4*a + 1703, q + 4*a = -4*q + 2817. What are the prime factors of q?
5, 113
Suppose -5*r = 2*q - 65, -r - 4*q + 36 = q. Let d(m) = 2*m - 12 + 35 - 14 - 19. List the prime factors of d(r).
2, 3
Suppose -4*p = -6 + 26, -4*s - 5*p = 53. Let d(k) = -k**3 - 7*k**2 - k - 3. What are the prime factors of d(s)?
2
Suppose -36 = 4*p - 24. List the prime factors of -1 - ((-30)/3 + p).
2, 3
Let w be 3/(-5) + (-140)/(-25). Suppose 0 = s + w*r - 186, -5*s + 0*s + 858 = r. What are the prime factors of s?
3, 19
Let q be (-1472)/48 + (-1)/3. Let a = q + 70. What are the prime factors of a?
3, 13
Suppose 0 = -15*f - 7779 + 30864. List the prime factors of f.
3, 19
Let y = 14 - -3. Suppose -y = -2*x - 7. List the prime factors of x.
5
Suppose 11*n - 877 = -96. What are the prime factors of n?
71
Let v be 5 - ((-8)/(-2))/(-2 + 4). Suppose -b + 40 = x, -v*b - 3*x + 117 = -x. List the prime factors of b.
37
Suppose -896 + 372 = -u. List the prime factors of u.
2, 131
Let u = 53 - 50. What are the prime factors of (-1 - (5 - u)) + 64?
61
List the prime factors of 106*64/1*16/32.
2, 53
Let s = 460 + -299. Suppose -z + 153 = 4*a, 3*z - 3*a - 650 = -s. What are the prime factors of z?
7, 23
Let u(